 23*q**2 + 16*q**2 - 1764 - q. Give b(y).
-6
Let f(t) = -5*t**3 + t**2 - 2*t + 1. Let n be (-1)/(-5) - 3/15. Suppose r = -n*r - 6. Let o be (-20)/(2 + r) + -4. Calculate f(o).
-5
Let k(i) be the third derivative of -i**7/2520 + i**6/120 + i**5/40 - 11*i**4/12 + 28*i**2. Let y(r) be the second derivative of k(r). Calculate y(7).
-4
Let x(i) = i + 3. Suppose 0*z + 6 = -z. Let w(b) = 7 - b**3 - 3 + 2 - 6*b**2 + 2*b. Let r be w(z). Give x(r).
-3
Let s(u) = -u**2 + 5*u + 5. Let q(d) = d - 1. Let v = -16 - -23. Suppose 0 = v*z - 2*z - 35. Let p be q(z). Calculate s(p).
-1
Let g be (-1)/(((-20)/(-165))/4). Let m = 27 + g. Let z(d) = d**2 + 7*d + 4. What is z(m)?
-2
Let k(t) = -5*t**2 + 4*t - 1 - t**2 + 2*t. Let j = 11 - 16. Let m(p) = p**2. Let v(w) = j*m(w) - k(w). Calculate v(4).
-7
Let z(y) be the third derivative of -1/60*y**6 - 1/60*y**5 + 0*y + 0 - 4*y**2 - 1/3*y**3 - 1/24*y**4. Let x = 120 - 122. What is z(x)?
12
Let g(w) = -5*w**3 + 2*w**2 + 3*w - 2. Let q be 38/114*(2 - -1)*2. What is g(q)?
-28
Suppose o = -2*z + 9 + 4, 5*z + 4*o - 40 = 0. Let a(c) = c - z + 0*c**2 - 4*c + 39*c**3 + 6*c**2 - 40*c**3. Calculate a(5).
6
Suppose 0*h - 5*n = -3*h + 1, 0 = h + n - 3. Let m(v) = 6*v**2 - 3*v**h - 6*v - 2*v - 4*v**2 - 1. What is m(-4)?
15
Let f(n) = 12*n - 7. Let y(g) = -2*g - 1 + 2 - 3*g + 4*g. Let j(l) = -f(l) - 6*y(l). Suppose -2*q - 1 - 1 = 0, 5*a = -5*q. What is j(a)?
-5
Let a(b) = -3*b - 6. Let o be a(-6). Let i be ((-18)/o)/(1/(-2)). Suppose 6 - 3 = -i*g. Let q(s) = 9*s**2 + 2*s + 1. Calculate q(g).
8
Let h(k) be the first derivative of -3 - 1/12*k**4 + 0*k + 0*k**2 - 1/120*k**5 - 5/3*k**3. Let z(c) be the third derivative of h(c). Determine z(-5).
3
Suppose 420 = 46*z - 88*z. Let k(j) = -j - 16. Calculate k(z).
-6
Let b(z) be the first derivative of 2*z**3/3 + 3*z**2 + z + 10. What is b(-5)?
21
Let s(z) = z**3 + z**2 + z + 1. Let u(v) = 7*v**3 + 14*v**2 + 14*v + 6. Let k = -25 - -19. Let r(c) = k*s(c) + u(c). Let i = -23 + 16. Give r(i).
-7
Let w(i) = 3*i. Let b(j) = -9*j + j - 15 + 0*j + 16. Let x(f) = 2*b(f) + 7*w(f). Determine x(-3).
-13
Let z = -453 - -446. Let h(c) = -c - 13. What is h(z)?
-6
Let x(c) = 3*c**2 - 9*c + 4. Let j(w) = -14*w**2 + 37*w - 16. Let r(z) = -2*j(z) - 9*x(z). Suppose -q - 5 = 2. What is r(q)?
-4
Let u = 1515 - 1520. Let x(m) = -m**2 - 9*m - 16. Determine x(u).
4
Let m(g) = -g**2 + 6*g + 7. Suppose -y + 3*r + 3 = -3*y, -3*r - 12 = -y. Let u be 0 + (y - (4 - 1)). Let i = u + 6. What is m(i)?
7
Let t(x) be the third derivative of -1/6*x**3 + 14*x**2 + 0*x - 1/24*x**4 + 3. Give t(1).
-2
Let j(s) = -4*s - s - 6 - 1 + s + 2. Let k(r) = -r**3 + 4*r**2 + r + 1. Let v be k(4). Suppose 4*h + v*i - 3 = h, 2*i = h + 10. What is j(h)?
11
Let k(t) be the first derivative of -3*t**2/2 - 4*t + 65. Give k(-3).
5
Let a(j) = -j**3 - 5*j**2 + j + 5. Let x be a(-5). Suppose -5*t + 29 + 11 = x. Let u(p) = -6*p**2 - 3 - 10*p**3 + t*p**3 + 6*p + p**3. What is u(-7)?
4
Let b(d) = -d**2 + 3. Let m(o) = 3*o**2 + o - 8. Let h(y) = -y**2 - y + 1. Let a(q) = -5*h(q) - m(q). Let w be a(-2). Calculate b(w).
-6
Suppose 350 = -30*s - 5*s. Let d(p) = p + 12. Give d(s).
2
Let n(u) = -7*u**2 + 17*u - 62. Let v(f) = -10*f**2 + 25*f - 86. Let t(w) = -7*n(w) + 5*v(w). Let q be (2/3)/((-6)/(-27)). Give t(q).
13
Let b(w) = 3*w**3 + 3*w + 10. Let a(n) be the third derivative of n**6/120 + n**4/24 + n**3/2 + 3*n**2. Let l(j) = -7*a(j) + 2*b(j). Give l(-1).
1
Let i(z) = z**3 + 4*z**2 - 4*z - 4. Suppose 0 = 161*m - 159*m + 8. Determine i(m).
12
Let c = -221 + 664/3. Let d(i) be the first derivative of 0*i**2 + i - c*i**3 + 1 + i**4. What is d(1)?
4
Let o(q) be the first derivative of q + 2 + 2/3*q**3 - 1/2*q**2. Suppose 2*n = -3*k - k - 6, -3*k = -3*n + 9. Give o(n).
2
Let v(i) = i**3 - 7*i**2 - 2*i + 10. Suppose -4*d - 3*f = 7 - 50, f = 5. Let m be v(d). Let l(p) = p**2 - 2*p - 4. Give l(m).
20
Let g(n) = -4*n**2 - 9*n - 14. Let o(w) = 11*w**2 + 27*w + 43. Let j(r) = -8*g(r) - 3*o(r). What is j(-7)?
-3
Suppose -3*m = -2*m - 5*m. Let t(q) = -q - 4. Calculate t(m).
-4
Suppose 0 = 6*w + 4*w + 20. Let r(l) = -4*l - 4. What is r(w)?
4
Let n be (-1)/(-2*(-5)/(-20)). Let g(l) = 2*l + l**n + 5*l + 6 + 0*l**2 - 8*l. Calculate g(0).
6
Let x(m) be the first derivative of m**6/120 - m**5/20 - m**4/24 + 3*m**2 + 13. Let o(g) be the second derivative of x(g). Determine o(3).
-3
Let s be (1 + -1 + 0)*362/(-362). Let q(k) be the second derivative of 0*k**2 - 1/6*k**3 + s - 6*k. What is q(3)?
-3
Suppose 0 = -5*s + m + 2, 0*m + 3*m - 12 = -3*s. Let r(x) = -x. Let t(y) = 4*y - 2. Let b(p) = s*t(p) + r(p). What is b(-6)?
-20
Let j(i) = -82*i - 17 + 39*i + 41*i. Calculate j(-8).
-1
Let l be 9/(-6) + (-1)/(-2). Suppose 3*t + 2*v = 4, 2 = -3*v + 8. Let m(g) = t*g - 2*g + 12*g. What is m(l)?
-10
Let c = -81 + 87. Let k(i) = -6*i**2 - 10*i**3 - 6*i + 2*i**3 + 3*i**3 - 3 + c*i**3. Give k(7).
4
Let o(t) = -t**3 - 3*t**2 - 2*t - 2. Let x be -3 - (-3 - 3/(-1)). Let m be o(x). Let a(l) = -7*l**2 + 2*l**2 - 5*l + m*l**2 + 3. Calculate a(-5).
3
Let m(g) be the first derivative of -g**4/4 - 5*g**3/3 - g**2/2 + 7*g + 55. Give m(-4).
-5
Let j(f) = -13*f**3 + 1. Suppose -3*u + 50 = -3*l - 4*u, -4*l + u = 55. Let a be 8/12 + (-5)/l. Give j(a).
-12
Let b(s) be the first derivative of 2 - 16*s - 1/2*s**2. Determine b(-7).
-9
Suppose 11*p = 12*p - 2*o + 9, -4*o + 16 = -4*p. Let l(v) be the third derivative of 9*v**5/20 - v**4/24 + v**3/6 + 2*v**2. What is l(p)?
27
Let j(o) be the first derivative of o**4/4 - 8*o**3/3 - 11*o**2/2 + 7*o - 134. Calculate j(9).
-11
Suppose 0 = 56*v + 19 + 149. Let r(o) = -2*o + 9. What is r(v)?
15
Let i(k) = -2 - 2 + 0 - k. Give i(6).
-10
Let d(t) = -2073*t**2 + 2073*t**2 + 3 + t - 2*t**3 - 5 + 1. What is d(1)?
-2
Let w(n) = 1517*n**2 - 1516*n**2 + 1 - 9*n + 0. Give w(5).
-19
Suppose -k = 6*h + 2*k - 3, -2*k + 11 = -5*h. Let l(q) = -6*q**2 - 8*q - 8. What is l(h)?
-6
Let p(y) be the third derivative of 2*y**2 + 1/4*y**4 + 0 + 5/6*y**3 + 1/60*y**5 + 0*y. Determine p(-4).
-3
Let l = 9 - 7. Let p(z) = z**2 + 4 + l*z + 4*z + 1 - 2*z**2. Suppose -2*i = 2*x - 14, -5*i + 39 = -3*x + 12. Determine p(i).
5
Let w(k) = -k**3 - 9*k**2 + k + 1. Let o(v) = -87*v - 792. Let q be o(-9). Give w(q).
-8
Let f(u) be the first derivative of u**2 + 8*u - 9. What is f(-6)?
-4
Let o(y) = -y**3 - 3*y**2 + 2*y + 1. Let c = 169 - 171. Determine o(c).
-7
Let v(c) = 4*c**2 - 17*c + 7. Let l(i) = -3*i**2 + 11*i - 5. Let y = -32 - -27. Let n(k) = y*v(k) - 7*l(k). What is n(-8)?
0
Let z(k) = -2*k + 4*k + 1 + 1 + 2*k - 5*k. Determine z(-8).
10
Let t(m) = 17*m - 2 - m**2 + 6*m**2 - m**3 - 18*m + 0. What is t(3)?
13
Let q(x) = 4*x**2 + 8*x + 3. Let n(f) = -f. Let w(s) = -4*n(s) - q(s). Let c = 38 - 40. What is w(c)?
-11
Let c be (1 - -4)/(2/4). Let y = c + -5. Suppose 0 = -2*m - y + 3. Let i(b) = 4*b**3 + 2*b**2 + 2*b + 1. Calculate i(m).
-3
Let v(s) = -2*s - 20. Let w(f) = 22*f + 226. Let d(l) = 68*v(l) + 6*w(l). Give d(-3).
8
Let x(l) = 11*l**3 + l**2 + 3*l + 13. Let y(m) = -5*m**3 - m**2 - m - 6. Let w(c) = 6*x(c) + 13*y(c). What is w(6)?
-6
Let g(k) = -2*k - 6. Let v be g(-4). Let n(p) = 8*p - 3. Determine n(v).
13
Let v(x) = -x - 6. Let k = -46 - -38. Let f be (-14 + 16)/(2/k). Give v(f).
2
Let w(r) = r**2 + 48 - 39 - 11*r - 10. Determine w(10).
-11
Let c(k) be the first derivative of -19*k**3/3 + k**2/2 + 9. What is c(1)?
-18
Let i(l) = -49*l + 9 - 46*l + 94*l. Suppose -3*h + 1 = 3*f + 10, -3*h - 5*f - 17 = 0. Suppose -3*u + h = 5*b + 10, b = 2*u + 6. Determine i(b).
9
Suppose 3 = 2*z + 2*c - 5*c, -5*z + 20 = 5*c. Suppose -z*a + f + 34 + 15 = 0, 0 = a - 4*f + 2. Let b be (-38)/(-6) - 6/a. Let s(w) = -w**2 + 7*w + 2. Give s(b).
8
Let m(q) = q**3 + 7*q**2 + 4*q - 8. Let v(y) = y**3 + 3*y**2 - 2*y + 2. Let g be v(-4). Let l be m(g). Let n(x) = -l*x - x + 7*x - 1 - x. Give n(0).
-1
Let a(d) = -d**2 + 4*d + 3. Let b be 0 + (-1)/(-5) + (-308)/(-35). Suppose -4*p + 19 = -b. Determine a(p).
-18
Let c(x) = 1 + 14*x**2 + 3 - 3 - 13*x**2 + 2*x - 2*x**3. Suppose 2*n - 2*y + 0*y = 0, -3*y - 4 = -5*n. What is c(n)?
-7
Let n(r) be the first derivative of r**4 + r**3 + r**2 - 5. What is n(-2)?
-24
Let w(n) be the second derivative of n**4/8 - n**3/2 + n**2/2 + 3*n. Let h(u) be the first derivative of w(u).